ltiple of 23?
True
Does 71 divide 14211715?
True
Does 26 divide 470295?
False
Is 21049 a multiple of 7?
True
Is 27 a factor of 289278?
True
Is 199 a factor of 432626?
True
Is 105 a factor of 434515?
False
Does 27 divide 169614?
True
Is 128 a factor of 499738?
False
Does 228 divide 1392298?
False
Is 814960 a multiple of 2?
True
Does 625 divide 2588037?
False
Does 21 divide 226737?
True
Is 7 a factor of 229888?
False
Does 80 divide 46731?
False
Does 189 divide 3417990?
False
Is 291 a factor of 490917?
True
Does 34 divide 66803?
False
Is 4675 even?
False
Is 5284800 a multiple of 180?
True
Is 1178748 a multiple of 411?
True
Is 145 a factor of 644090?
True
Is 54634 a multiple of 463?
True
Does 92 divide 130320?
False
Does 19 divide 72371?
True
Is 93 a factor of 2139?
True
Does 44 divide 239194?
False
Does 121 divide 60137?
True
Is 10 a factor of 289700?
True
Is 134 a factor of 3150057?
False
Is 28 a factor of 20107024?
True
Is 1608997 a multiple of 793?
True
Is 2 a factor of 583049?
False
Is 42409 a multiple of 16?
False
Is 315 a factor of 933544?
False
Is 179 a factor of 3222?
True
Is 1221693 a multiple of 7?
False
Is 37 a factor of 113812?
True
Is 14 a factor of 3222646?
True
Is 200 a factor of 1753200?
True
Is 143977 a multiple of 10?
False
Is 143 a factor of 85085?
True
Is 38 a factor of 335502?
True
Is 16 a factor of 2598823?
False
Does 13 divide 281411?
True
Does 86 divide 1311469?
False
Is 206 a factor of 1380505?
False
Is 6557183 a multiple of 30?
False
Is 776 a factor of 533888?
True
Does 44 divide 722691?
False
Does 37 divide 142180?
False
Is 54 a factor of 95688?
True
Does 294 divide 223440?
True
Does 447 divide 1520626?
False
Is 7 a factor of 75660?
False
Is 83 a factor of 4482?
True
Does 6 divide 2092944?
True
Is 22 a factor of 490982?
False
Is 12 a factor of 377818?
False
Is 8852064 a multiple of 312?
True
Is 14 a factor of 378714?
True
Is 29574 a multiple of 53?
True
Is 1161474 a multiple of 51?
True
Is 108 a factor of 216630?
False
Is 544986 a multiple of 296?
False
Is 5 a factor of 25664?
False
Does 61 divide 631566?
False
Does 33 divide 2217251?
False
Is 76153 a multiple of 43?
True
Does 927 divide 8482977?
True
Is 98 a factor of 25782?
False
Is 387168 a multiple of 327?
True
Is 89 a factor of 1650594?
True
Is 154 a factor of 131054?
True
Is 32006 a multiple of 20?
False
Is 17646771 a multiple of 263?
False
Does 4 divide 4277148?
True
Is 104100 a multiple of 100?
True
Is 104797 a multiple of 7?
True
Is 8 a factor of 821944?
True
Does 8 divide 7508?
False
Does 21 divide 302106?
True
Is 9637310 a multiple of 10?
True
Is 64141 a multiple of 14?
False
Does 7 divide 5605?
False
Is 33 a factor of 367801?
False
Is 237472 a multiple of 16?
True
Is 835927 a multiple of 13?
False
Does 159 divide 812834?
False
Is 15 a factor of 583095?
True
Does 8 divide 1492077?
False
Does 412 divide 1011048?
True
Does 20 divide 255778?
False
Does 688 divide 2112848?
True
Is 2622459 a multiple of 174?
False
Is 799116 a multiple of 14?
False
Is 130 a factor of 6030593?
False
Is 187661 a multiple of 38?
False
Does 815 divide 5086415?
True
Does 26 divide 246116?
True
Is 5 a factor of 8781951?
False
Does 60 divide 31488?
False
Does 30 divide 900150?
True
Does 32 divide 241888?
True
Is 8272260 a multiple of 200?
False
Is 656 a factor of 2779825?
False
Is 3481056 a multiple of 288?
True
Does 97 divide 1002495?
True
Is 559825 a multiple of 245?
True
Does 166 divide 3773346?
True
Does 17 divide 122984?
False
Is 775755 a multiple of 5?
True
Is 4 a factor of 203174?
False
Is 13 a factor of 798573?
False
Does 31 divide 94054?
True
Does 26 divide 9614657?
False
Is 7 a factor of 2293537?
False
Does 9 divide 1257831?
True
Does 310 divide 343170?
True
Is 666094 a multiple of 274?
True
Is 84 a factor of 588?
True
Is 119 a factor of 1194340?
False
Does 11 divide 1599209?
False
Does 698 divide 21645914?
False
Does 14 divide 8945098?
False
Does 49 divide 381465?
True
Is 13500 a multiple of 50?
True
Does 38 divide 19266?
True
Is 16286030 a multiple of 51?
False
Is 12 a factor of 93984?
True
Is 20 a factor of 9317600?
True
Is 2409 a multiple of 73?
True
Does 80 divide 5674706?
False
Is 86301 a multiple of 387?
True
Is 752 a factor of 1942474?
False
Does 11 divide 110227?
False
Is 18 a factor of 19192230?
True
Does 32 divide 10610304?
True
Is 12 a factor of 62697?
False
Does 230 divide 120060?
True
Is 170568 a multiple of 3?
True
Does 107 divide 3066941?
True
Is 119 a factor of 65581?
False
Does 33 divide 2692602?
True
Is 5 a factor of 2113873?
False
Is 68 a factor of 6542053?
False
Is 30236 a multiple of 4?
True
Is 57 a factor of 17613?
True
Is 117 a factor of 4366440?
True
Is 245928 a multiple of 8?
True
Is 237310 a multiple of 55?
False
Is 141 a factor of 1751502?
True
Is 10086246 a multiple of 519?
True
Does 5 divide 35616?
False
Is 267066 a multiple of 209?
False
Is 239556 a multiple of 103?
False
Is 88 a factor of 1126400?
True
Is 591336 a multiple of 573?
True
Does 760 divide 233349?
False
Is 180096 a multiple of 134?
True
Is 101925 a multiple of 225?
True
Does 40 divide 977894?
False
Is 155 a factor of 22259085?
True
Is 440380 a multiple of 97?
True
Does 666 divide 356976?
True
Is 38 a factor of 227154?
False
Is 357720 a multiple of 120?
True
Is 3 a factor of 66706?
False
Is 353 a factor of 2271202?
True
Is 3 a factor of 126366?
True
Is 1089597 a multiple of 95?
False
Is 221591 a multiple of 5?
False
Does 63 divide 2103948?
True
Is 15 a factor of 42435?
True
Does 12 divide 88425?
False
Is 196 a factor of 328675?
False
Is 15993342 a multiple of 55?
False
Is 18 a factor of 1642619?
False
Is 4876098 a multiple of 6?
True
Is 22 a factor of 11107660?
False
Does 8 divide 3480?
True
Is 476159 a multiple of 361?
True
Does 617 divide 2374151?
False
Is 33 a factor of 740245?
False
Is 41136 a multiple of 12?
True
Is 1302 a factor of 3445092?
True
Is 19 a factor of 140923?
True
Does 22 divide 745788?
False
Is 200 a factor of 57800?
True
Is 56611 a multiple of 2?
False
Does 14 divide 235578?
True
Does 39 divide 51144?
False
Is 6584047 a multiple of 16?
False
Is 11 a factor of 287725?
False
Does 489 divide 2700219?
False
Is 108036 a multiple of 129?
False
Does 122 divide 199589?
False
Is 10496108 a multiple of 673?
True
Is 1672359 a multiple of 39?
True
Is 608 a factor of 251712?
True
Is 34 a factor of 287130?
True
Is 50 a factor of 20862?
False
Is 12 a factor of 418103?
False
Does 190 divide 48830?
True
Is 46 a factor of 1623493?
False
Is 18515566 a multiple of 176?
False
Does 31 divide 311873?
False
Is 4109693 a multiple of 8?
False
Does 256 divide 1416108?
False
Is 1011633 a multiple of 22?
False
Is 251762 a multiple of 49?
True
Is 3 a factor of 58429?
False
Is 118 a factor of 240012?
True
Does 42 divide 414456?
True
Does 5 divide 20787?
False
Does 152 divide 41040?
True
Is 154 a factor of 13960408?
True
Does 6 divide 3915?
False
Is 9 a factor of 1880095?
False
Does 9 divide 25690784?
False
Does 149 divide 554280?
True
Does 629 divide 3888006?
False
Is 210 a factor of 693655?
False
Is 12 a factor of 103597?
False
Is 14 a factor of 49531?
False
Is 91807 a multiple of 200?
False
Does 21 divide 317983?
False
Does 9 divide 362046?
False
Is 10 a factor of 3312281?
False
Is 403512 a multiple of 86?
True
Is 254 a factor of 33020?
True
Is 137 a factor of 60554?
True
Is 149288 a multiple of 8?
True
Does 29 divide 15202583?
True
Does 2 divide 76347?
False
Is 1998994 even?
True
Does 833 divide 1825936?
True
Is 42 a factor of 417354?
True
Does 39 divide 22330?
False
Does 9 divide 34557?
False
Is 113 a factor of 364764?
True
Is 774 a factor of 9139808?
False
Is 16 a factor of 477216?
True
Is 104 a factor of 13754?
False
Is 294 a factor of 136040?
False
Is 50692 a multiple of 199?
False
Is 3408866 a multiple of 56?
False
Is 299164 a multiple of 61?
False
Is 798275 a multiple of 45?
False
Is 202 a factor of 7204734?
True
Does 127 divide 375031?
True
Does 6 divide 439363?
False
Is 629 a factor of 961112?
True
Is 111 a factor of 1727025?
False
Does 111 divide 201050?
False
Is 124936 a multiple of 56?
True
Is 258 a factor of 11034402?
True
Is 21 a factor of 88640?
False
Does 649 divide 1739320?
True
Does 8 divide 290870?
False
Is 464800 a multiple of 14?
True
Does 19 divide 8881170?
True
Is 474